e factors of 526831867.
19, 1123, 24691
List the prime factors of 443733459.
3, 13, 61, 383, 487
List the prime factors of 282656117.
14159, 19963
List the prime factors of 308279170.
2, 5, 179, 172223
What are the prime factors of 1392044949?
3, 17, 61, 149153
What are the prime factors of 80591779?
80591779
List the prime factors of 91081319.
7, 13011617
What are the prime factors of 58014394?
2, 443, 65479
What are the prime factors of 76313320?
2, 5, 31, 61543
What are the prime factors of 32286411?
3, 23, 51991
What are the prime factors of 31144141?
7, 4449163
List the prime factors of 213098972.
2, 73, 729791
What are the prime factors of 2218866266?
2, 1109433133
What are the prime factors of 4910453291?
4910453291
What are the prime factors of 27110458?
2, 1583, 8563
What are the prime factors of 38378929?
38378929
List the prime factors of 65435908.
2, 281, 58217
What are the prime factors of 6428798?
2, 3214399
What are the prime factors of 69065599?
69065599
List the prime factors of 5805408.
2, 3, 7, 53, 163
What are the prime factors of 317881998?
2, 3, 7, 31, 97, 839
List the prime factors of 131648603.
29, 4539607
List the prime factors of 2440564426.
2, 29, 97, 461, 941
What are the prime factors of 47522843?
61, 779063
What are the prime factors of 2984024596?
2, 7, 61, 1747087
List the prime factors of 1943265855.
3, 5, 193, 671249
What are the prime factors of 918119366?
2, 593, 774131
List the prime factors of 341753205.
3, 5, 23, 990589
List the prime factors of 1820855197.
7, 7877, 33023
What are the prime factors of 437071762?
2, 218535881
What are the prime factors of 14622884?
2, 67, 54563
List the prime factors of 1201394919.
3, 29, 13809137
What are the prime factors of 233229237?
3, 19, 4091741
What are the prime factors of 312403794?
2, 3, 4217, 12347
List the prime factors of 27104074.
2, 23, 589219
What are the prime factors of 96354540?
2, 3, 5, 535303
What are the prime factors of 767477012?
2, 227, 229, 3691
What are the prime factors of 202017815?
5, 40403563
What are the prime factors of 2424915958?
2, 1212457979
What are the prime factors of 71286098?
2, 13, 2741773
List the prime factors of 481578598.
2, 19, 12673121
What are the prime factors of 4518334900?
2, 5, 19, 2378071
What are the prime factors of 33888548?
2, 17, 498361
What are the prime factors of 17729786?
2, 8864893
What are the prime factors of 4454694379?
29, 139, 1105109
What are the prime factors of 1431833359?
11, 1217, 106957
What are the prime factors of 76068859?
443, 171713
List the prime factors of 95296925.
5, 3811877
List the prime factors of 9104812.
2, 37, 61519
List the prime factors of 1332294702.
2, 3, 347, 639911
List the prime factors of 272779812.
2, 3, 841913
List the prime factors of 161990832.
2, 3, 227, 14867
List the prime factors of 67876776.
2, 3, 11, 85703
List the prime factors of 11261709.
3, 1251301
What are the prime factors of 270718267?
509, 531863
List the prime factors of 141963707.
151, 940157
List the prime factors of 33717277.
11, 433, 7079
What are the prime factors of 28021919?
28021919
What are the prime factors of 234419860?
2, 5, 79, 148367
List the prime factors of 671207446.
2, 7, 13, 71, 127, 409
List the prime factors of 1016297375.
5, 443, 18353
List the prime factors of 244842183.
3, 643, 1567
List the prime factors of 681999694.
2, 43, 7930229
What are the prime factors of 2995466219?
22859, 131041
List the prime factors of 1449504824.
2, 1307, 138629
List the prime factors of 657451804.
2, 164362951
What are the prime factors of 106837433?
1399, 76367
List the prime factors of 179918326.
2, 7, 12851309
What are the prime factors of 53352581?
31, 499, 3449
What are the prime factors of 285482569?
285482569
What are the prime factors of 372755333?
59, 6317887
What are the prime factors of 212048449?
212048449
What are the prime factors of 14228592?
2, 3, 7, 17, 47, 53
What are the prime factors of 1882469396?
2, 73, 163, 39551
What are the prime factors of 24141562?
2, 71, 197, 863
What are the prime factors of 2013500247?
3, 11, 17, 23, 29, 5381
List the prime factors of 433561499.
7, 199, 547, 569
List the prime factors of 592982311.
592982311
What are the prime factors of 3948216350?
2, 5, 13, 37, 181, 907
List the prime factors of 204754715.
5, 11, 17, 218989
What are the prime factors of 2360401223?
67, 347, 101527
List the prime factors of 2588822639.
13, 199140203
What are the prime factors of 14384169?
3, 223, 2389
What are the prime factors of 315668774?
2, 19, 811, 10243
What are the prime factors of 549694487?
14293, 38459
What are the prime factors of 2796171777?
3, 7, 3209, 13831
What are the prime factors of 40172670?
2, 3, 5, 446363
List the prime factors of 11141526.
2, 3, 11, 223, 757
What are the prime factors of 2268370798?
2, 1134185399
What are the prime factors of 157119582?
2, 3, 2473, 10589
What are the prime factors of 7002705716?
2, 3167, 552787
What are the prime factors of 263389852?
2, 11, 691, 8663
List the prime factors of 57757181.
3907, 14783
What are the prime factors of 130087090?
2, 5, 7, 1279, 1453
List the prime factors of 196224297.
3, 65408099
List the prime factors of 8747510.
2, 5, 613, 1427
What are the prime factors of 81590625?
3, 5, 967
List the prime factors of 1409290091.
11, 179, 715739
List the prime factors of 9063102315.
3, 5, 19, 31800359
What are the prime factors of 59096113?
29, 53, 38449
List the prime factors of 1684036555.
5, 47, 7166113
What are the prime factors of 616178404?
2, 1049, 146849
List the prime factors of 3429940034.
2, 37, 41, 1130501
List the prime factors of 14568591.
3, 23, 199, 1061
List the prime factors of 88601273.
37, 2394629
What are the prime factors of 2435800058?
2, 37, 32916217
What are the prime factors of 153693053?
59, 149, 17483
List the prime factors of 72759164.
2, 271, 67121
What are the prime factors of 107902210?
2, 5, 13, 830017
What are the prime factors of 8043439?
47, 53, 3229
What are the prime factors of 874264047?
3, 291421349
What are the prime factors of 50833924?
2, 31, 409951
What are the prime factors of 1868242893?
3, 11, 56613421
What are the prime factors of 2800728183?
3, 11, 84870551
List the prime factors of 8532173.
13, 656321
List the prime factors of 368556478.
2, 2939, 62701
List the prime factors of 135517728.
2, 3, 19, 74297
What are the prime factors of 17863077?
3, 331, 17989
What are the prime factors of 190751624?
2, 7, 3406279
List the prime factors of 231789353.
231789353
What are the prime factors of 6057423?
3, 17, 53, 83
List the prime factors of 2563680854.
2, 7, 7159, 25579
What are the prime factors of 105254228?
2, 79, 397, 839
What are the prime factors of 785980436?
2, 47, 4180747
What are the prime factors of 37395180?
2, 3, 5, 103, 2017
List the prime factors of 17967029.
167, 271, 397
What are the prime factors of 4617123041?
17, 607, 447439
What are the prime factors of 530924653?
7, 197, 55001
List the prime factors of 41548121.
2089, 19889
What are the prime factors of 70884495?
3, 5, 11, 89, 1609
List the prime factors of 61187557.
4021, 15217
What are the prime factors of 226917260?
2, 5, 397, 28579
What are the prime factors of 67470177?
3, 73, 191, 1613
What are the prime factors of 86844539?
86844539
What are the prime factors of 55442780?
2, 5, 17, 29, 5623
List the prime factors of 263265101.
11, 37, 646843
List the prime factors of 3630067976.
2, 453758497
What are the prime factors of 22223018?
2, 11111509
What are the prime factors of 56774363?
73, 777731
List the prime factors of 4747820448.
2, 3, 7, 23, 83, 3701
What are the prime factors of 54955314?
2, 3, 47, 59, 367
What are the prime factors of 1824507852?
2, 3, 31, 47, 241, 433
What are the prime factors of 52326937?
13, 631, 6379
What are the prime factors of 323107757?
7, 41, 1125811
What are the prime factors of 391545211?
29, 37, 12583
List the prime factors of 154274179.
23, 6707573
What are the prime factors of 114981246?
2, 3, 67, 1423
What are the prime factors of 1238270559?
3, 412756853
What are the prime factors of 191147627?
11, 53, 327869
List the prime factors of 53927632.
2, 11, 306407
What are the prime factors of 511292778?
2, 3, 85215463
What are the prime factors o